actors of 1210529?
37, 32717
List the prime factors of 1306782.
2, 3, 19, 3821
List the prime factors of 129190.
2, 5, 12919
List the prime factors of 1290931.
269, 4799
List the prime factors of 5376322.
2, 7, 37, 97, 107
List the prime factors of 403793.
13, 89, 349
List the prime factors of 676999.
109, 6211
What are the prime factors of 4131445?
5, 826289
What are the prime factors of 4379853?
3, 1459951
List the prime factors of 66160.
2, 5, 827
What are the prime factors of 3420813?
3, 11, 23, 4507
What are the prime factors of 20063553?
3, 17, 393403
What are the prime factors of 12040652?
2, 13, 231551
What are the prime factors of 12248?
2, 1531
List the prime factors of 3741.
3, 29, 43
What are the prime factors of 469595?
5, 7, 13417
List the prime factors of 941579.
17, 97, 571
What are the prime factors of 3008644?
2, 241, 3121
What are the prime factors of 35706576?
2, 3, 479, 1553
List the prime factors of 325334.
2, 47, 3461
What are the prime factors of 841328?
2, 52583
What are the prime factors of 11967589?
571, 20959
What are the prime factors of 282280?
2, 5, 7057
What are the prime factors of 1656110?
2, 5, 165611
What are the prime factors of 35413?
7, 5059
List the prime factors of 10635319.
17, 43, 14549
List the prime factors of 4957210.
2, 5, 31, 15991
List the prime factors of 4021177.
4021177
What are the prime factors of 18637408?
2, 582419
List the prime factors of 165533.
165533
List the prime factors of 11720268.
2, 3, 7, 37, 419
List the prime factors of 1485471.
3, 13, 41, 929
What are the prime factors of 129977?
59, 2203
List the prime factors of 1200734.
2, 600367
List the prime factors of 80174.
2, 40087
List the prime factors of 635174.
2, 317587
List the prime factors of 2249686.
2, 281, 4003
List the prime factors of 4792123.
7, 19, 137, 263
What are the prime factors of 455726?
2, 191, 1193
List the prime factors of 4649410.
2, 5, 464941
List the prime factors of 77905.
5, 15581
What are the prime factors of 301858?
2, 150929
What are the prime factors of 5250388?
2, 11, 13, 67, 137
List the prime factors of 55976.
2, 6997
What are the prime factors of 8886801?
3, 7, 11, 17, 31, 73
What are the prime factors of 428228?
2, 107057
List the prime factors of 26946149.
26946149
What are the prime factors of 42858697?
7, 6122671
What are the prime factors of 32355?
3, 5, 719
List the prime factors of 5967704.
2, 397, 1879
What are the prime factors of 447086?
2, 223543
List the prime factors of 441694.
2, 11, 17, 1181
What are the prime factors of 1103819?
907, 1217
List the prime factors of 653851.
11, 59441
What are the prime factors of 459174?
2, 3, 103, 743
What are the prime factors of 985733?
7, 20117
What are the prime factors of 2848032?
2, 3, 11, 29, 31
List the prime factors of 170100.
2, 3, 5, 7
What are the prime factors of 275117?
59, 4663
What are the prime factors of 4029624?
2, 3, 55967
List the prime factors of 192615.
3, 5, 12841
List the prime factors of 362103.
3, 7, 43, 401
List the prime factors of 133916.
2, 33479
List the prime factors of 1783736.
2, 222967
List the prime factors of 3314656.
2, 103583
What are the prime factors of 9277088?
2, 67, 4327
What are the prime factors of 1384296?
2, 3, 57679
What are the prime factors of 238935?
3, 5, 17, 937
List the prime factors of 5621887.
107, 52541
What are the prime factors of 436640?
2, 5, 2729
What are the prime factors of 273343?
7, 17, 2297
List the prime factors of 10946601.
3, 29, 41941
What are the prime factors of 1042124?
2, 61, 4271
List the prime factors of 6131222.
2, 41, 74771
List the prime factors of 161813.
103, 1571
List the prime factors of 482597.
482597
List the prime factors of 9276655.
5, 19, 97649
What are the prime factors of 156628?
2, 39157
What are the prime factors of 127614?
2, 3, 21269
List the prime factors of 496426.
2, 7, 59, 601
List the prime factors of 2945634.
2, 3, 53, 59, 157
What are the prime factors of 15632469?
3, 17, 83, 1231
List the prime factors of 5832.
2, 3
What are the prime factors of 4080910?
2, 5, 408091
List the prime factors of 386982.
2, 3, 21499
List the prime factors of 5511355.
5, 1102271
List the prime factors of 7122888.
2, 3, 98929
List the prime factors of 3175681.
151, 21031
What are the prime factors of 15133313?
13, 1164101
List the prime factors of 988298.
2, 113, 4373
List the prime factors of 166405.
5, 23, 1447
List the prime factors of 168873.
3, 181, 311
What are the prime factors of 351295?
5, 7, 10037
What are the prime factors of 2505843?
3, 92809
What are the prime factors of 1508422?
2, 754211
List the prime factors of 2958702.
2, 3, 31, 15907
List the prime factors of 114837.
3, 101, 379
List the prime factors of 241070.
2, 5, 24107
List the prime factors of 2482210.
2, 5, 89, 2789
List the prime factors of 12695.
5, 2539
List the prime factors of 3790137.
3, 13, 157, 619
List the prime factors of 12162085.
5, 13, 37, 389
List the prime factors of 12441216.
2, 3, 179, 181
List the prime factors of 1759453.
1759453
What are the prime factors of 191805?
3, 5, 19, 673
What are the prime factors of 736197?
3, 7, 11, 3187
What are the prime factors of 6373670?
2, 5, 47, 71, 191
What are the prime factors of 71992?
2, 8999
What are the prime factors of 380566?
2, 190283
What are the prime factors of 15877249?
1259, 12611
List the prime factors of 747343.
747343
What are the prime factors of 1498115?
5, 299623
What are the prime factors of 655650?
2, 3, 5, 31, 47
List the prime factors of 947631.
3, 17, 1093
What are the prime factors of 1697729?
11, 154339
List the prime factors of 978838.
2, 7, 139, 503
List the prime factors of 149307.
3, 157, 317
List the prime factors of 405270.
2, 3, 5, 19, 79
What are the prime factors of 1046686?
2, 103, 5081
What are the prime factors of 263025?
3, 5, 7, 167
List the prime factors of 686462.
2, 7, 49033
What are the prime factors of 492681?
3, 7, 29, 809
What are the prime factors of 12302895?
3, 5, 11, 173, 431
What are the prime factors of 18288723?
3, 6096241
List the prime factors of 323445.
3, 5, 21563
What are the prime factors of 1454188?
2, 41, 8867
What are the prime factors of 13792922?
2, 11, 13, 29, 1663
What are the prime factors of 161751?
3, 53917
What are the prime factors of 7640487?
3, 94327
List the prime factors of 2166893.
19, 59, 1933
List the prime factors of 2742102.
2, 3, 11, 1259
What are the prime factors of 947840?
2, 5, 1481
List the prime factors of 542462.
2, 271231
What are the prime factors of 789166?
2, 7, 56369
What are the prime factors of 26819554?
2, 1277, 10501
List the prime factors of 1138676.
2, 7, 11, 3697
What are the prime factors of 5305329?
3, 589481
List the prime factors of 1587069.
3, 11, 17, 23, 41
What are the prime factors of 1075006?
2, 347, 1549
What are the prime factors of 960101?
31, 30971
What are the prime factors of 1434555?
3, 5, 71, 449
What are the prime factors of 4946288?
2, 23, 13441
What are the prime factors of 513335?
5, 102667
List the prime factors of 302869.
7, 883
What are the prime factors of 3120838?
2, 7, 41, 5437
List the prime factors of 280194.
2, 3, 17, 41, 67
What are the prime factors of 13169?
13, 1013
What are the prime factors of 14537563?
113, 127, 1013
List the prime factors of 22093.
22093
What are the prime factors of 7037885?
5, 19, 23, 3221
What are the prime factors of 611076?
2, 3, 50923
List the prime factors of 74594.
2, 13, 19, 151
List the prime factors of 723526.
2, 361763
List the prime factors of 5466215.
5, 1093243
List the prime factors of 2433401.
2433401
What are the prime factors of 787346?
2, 7, 56239
What are the prime factors of 7420455?
3, 5, 7, 23557
List the prime factors of 562882.
2, 229, 1229
What are the prime factors of 176074?
2, 88037
What are the prime factors of 339355?
5, 67, 1013
What are the prime factors of 928134?
2, 3, 51563
List the prime factors of 6466629.
3, 13, 165811
List the prime factors of 12314174.
2, 127, 48481
What are the prime factors of 1533196?
2, 7, 17, 3221
List the prime factors of 4090732.
2, 1022683
What are the prime factors of 446863?
446863
What are the prime factors of 1726835?
5, 11, 31397
List the prime factors of 7011261.
3, 653, 1193
What are the prime factors of 